se 2) in base 11?
-1
What is 23 (base 12) in base 2?
11011
Convert -46 (base 7) to base 3.
-1021
Convert 3 (base 5) to base 4.
3
-200 (base 3) to base 5
-33
Convert 10000 (base 3) to base 4.
1101
What is 4 (base 8) in base 7?
4
-1 (base 15) to base 3
-1
What is 5 (base 8) in base 12?
5
What is -62 (base 11) in base 2?
-1000100
What is 10 (base 13) in base 3?
111
Convert -5 (base 7) to base 16.
-5
What is 4 (base 11) in base 12?
4
Convert -4 (base 5) to base 9.
-4
-3 (base 6) to base 7
-3
1 (base 7) to base 2
1
What is 11 (base 6) in base 16?
7
Convert -9 (base 16) to base 4.
-21
What is -43 (base 5) in base 9?
-25
What is -12 (base 7) in base 13?
-9
200 (base 4) to base 10
32
What is 2 (base 10) in base 8?
2
Convert 30 (base 11) to base 13.
27
What is -16 (base 15) in base 13?
-18
1 (base 5) to base 12
1
1000110 (base 2) to base 4
1012
-10 (base 4) to base 7
-4
-89 (base 16) to base 15
-92
What is 110 (base 2) in base 8?
6
What is 245 (base 11) in base 16?
123
Convert -160 (base 11) to base 7.
-355
What is 32 (base 9) in base 12?
25
Convert 20 (base 16) to base 2.
100000
-23 (base 9) to base 2
-10101
3 (base 16) to base 6
3
What is 4 (base 5) in base 6?
4
-202 (base 5) to base 9
-57
-14 (base 11) to base 8
-17
What is -12 (base 12) in base 8?
-16
Convert -71 (base 8) to base 6.
-133
Convert -3 (base 13) to base 2.
-11
What is -d (base 16) in base 13?
-10
Convert c (base 14) to base 12.
10
Convert 1100110 (base 2) to base 3.
10210
110 (base 2) to base 10
6
What is 2 (base 13) in base 11?
2
What is -304 (base 5) in base 10?
-79
What is 11100 (base 2) in base 3?
1001
43 (base 10) to base 6
111
What is 2 (base 12) in base 11?
2
What is -12 (base 3) in base 10?
-5
Convert -5 (base 16) to base 3.
-12
What is 42 (base 6) in base 13?
20
What is -9 (base 13) in base 11?
-9
What is -3 (base 8) in base 15?
-3
What is 3 (base 16) in base 12?
3
0 (base 14) to base 4
0
4 (base 9) to base 13
4
What is 11100 (base 2) in base 7?
40
What is 3121 (base 4) in base 16?
d9
What is -10101111 (base 2) in base 16?
-af
Convert 0 (base 15) to base 8.
0
What is 230 (base 4) in base 2?
101100
Convert -40 (base 8) to base 7.
-44
What is -66 (base 15) in base 12?
-80
What is 0 (base 3) in base 15?
0
Convert -4 (base 8) to base 12.
-4
-2 (base 8) to base 7
-2
166 (base 14) to base 8
436
-23 (base 5) to base 16
-d
Convert -ca (base 13) to base 2.
-10100110
Convert -2 (base 13) to base 5.
-2
-141 (base 11) to base 3
-20011
12b (base 12) to base 5
1204
What is -12 (base 11) in base 2?
-1101
Convert -12 (base 5) to base 11.
-7
Convert 3 (base 12) to base 13.
3
-41 (base 6) to base 16
-19
What is -1 (base 13) in base 15?
-1
Convert 6 (base 9) to base 8.
6
What is -2 (base 5) in base 2?
-10
-1 (base 16) to base 4
-1
What is 124 (base 5) in base 7?
54
Convert -1 (base 13) to base 3.
-1
ba (base 15) to base 8
257
What is -210 (base 4) in base 3?
-1100
What is -24 (base 9) in base 8?
-26
Convert -4 (base 14) to base 2.
-100
-2 (base 14) to base 5
-2
2 (base 15) to base 4
2
11 (base 16) to base 11
16
-2 (base 10) to base 5
-2
101 (base 2) to base 4
11
Convert 40 (base 8) to base 5.
112
What is -11010000 (base 2) in base 10?
-208
What is -185 (base 9) in base 8?
-236
What is 1010 (base 3) in base 9?
33
-5 (base 6) to base 9
-5
What is -113 (base 4) in base 5?
-43
Convert -3 (base 14) to base 6.
-3
What is 2 (base 12) in base 10?
2
What is -3 (base 11) in base 13?
-3
-4 (base 9) to base 13
-4
Convert -3 (base 15) to base 9.
-3
What is 29 (base 11) in base 13?
25
-1 (base 12) to base 16
-1
Convert 18 (base 9) to base 12.
15
17 (base 12) to base 15
14
Convert -13 (base 14) to base 16.
-11
Convert -412 (base 7) to base 12.
-151
Convert -9 (base 12) to base 3.
-100
What is 8 (base 16) in base 7?
11
What is -13 (base 5) in base 6?
-12
Convert 8c (base 14) to base 11.
103
What is b (base 15) in base 14?
b
Convert 25 (base 13) to base 8.
37
2102 (base 4) to base 13
b3
Convert 1b (base 15) to base 2.
11010
-1 (base 8) to base 16
-1
Convert -2001 (base 4) to base 5.
-1004
Convert -22 (base 6) to base 4.
-32
-21 (base 13) to base 9
-30
What is 5 (base 15) in base 3?
12
What is 0 (base 6) in base 8?
0
332 (base 6) to base 10
128
Convert 7 (base 16) to base 3.
21
Convert -1100111 (base 2) to base 10.
-103
9 (base 11) to base 6
13
Convert -1 (base 4) to base 7.
-1
What is 3 (base 12) in base 9?
3
Convert 10010 (base 2) to base 6.
30
-1 (base 2) to base 11
-1
Convert 117 (base 12) to base 14.
b9
What is 1 (base 10) in base 11?
1
What is 0 (base 3) in base 15?
0
Convert -18 (base 9) to base 3.
-122
Convert 2200 (base 3) to base 5.
242
Convert -5 (base 9) to base 10.
-5
What is 110 (base 2) in base 3?
20
20 (base 4) to base 6
12
Convert -4 (base 14) to base 3.
-11
Convert 63 (base 11) to base 8.
105
Convert 129 (base 11) to base 10.
152
6 (base 9) to base 13
6
Convert -11 (base 6) to base 4.
-13
What is 1b (base 12) in base 8?
27
-2 (base 12) to base 11
-2
Convert 1 (base 12) to base 8.
1
10103 (base 4) to base 2
100010011
What is -5 (base 6) in base 2?
-101
Convert 55 (base 14) to base 2.
1001011
27 (base 16) to base 6
103
Convert -7 (base 9) to base 15.
-7
-22 (base 3) to base 14
-8
-13 (base 4) to base 16
-7
What is -204 (base 5) in base 4?
-312
-2 (base 16) to base 12
-2
What is -100 (base 2) in base 11?
-4
-10 (base 15) to base 12
-13
Convert 1 (base 15) to base 10.
1
-4 (base 11) to base 16
-4
What is 2 (base 3) in base 7?
2
What is 3 (base 16) in base 9?
3
Convert -70 (base 11) to base 9.
-85
-2a (base 13) to base 9
-40
Convert 16b (base 13) to base 12.
196
What is 1 (base 13) in base 7?
1
What is 5 (base 8) in base 11?
5
What is 0 (base 14) in base 10?
0
Convert 9 (base 12) to base 5.
14
Convert -8 (base 10) to base 6.
-12
Convert -324 (base 7) to base 13.
-c9
Convert 8 (base 13) to base 12.
8
What is -4 (base 9) in base 4?
-10
Convert 13 (base 6) to base 4.
21
What is -33 (base 5) in base 4?
-102
What is -7 (base 9) in base 4?
-13
Convert -121 (base 3) to base 4.
-100
Convert -165 (base 8) to base 11.
-a7
Convert -1 (base 3) to base 6.
-1
Convert -25 (base 6) to base 10.
-17
What is -4 (base 15) in base 9?
-4
Convert -25 (base 8) to base 4.
-111
23 (base 5) to base 3
111
13 (base 14) to base 2
10001
Convert -13 (base 7) to base 13.
-a
Convert -65 (base 9) to base 6.
-135
What is 46 (base 12) in base 4?
312
Convert 2200 (base 4) to base 12.
114
Convert 15 (base 7) to base 11.
11
2 (base 11) to base 5
2
Convert 1 (base 13) to base 10.
1
39 (base 10) to base 16
27
a (base 14) to base 10
10
-5 (base 15) to base 6
-5
Convert 20 (base 12) to base 16.
18
Convert -124 (base 9) to base 3.
-10211
11 (base 3) to base 15
4
1b5 (base 12) to base 10
281
Convert -2 (base 7) to base 2.
-10
Convert 2 (base 12) to base 15.
2
What is 2 (base 7) in base 6?
2
Convert -4 (base 7) to base 5.
-4
Convert -6 (base 10) to base 5.
-11
What is -6 (base 14) in base 4?
-12
Convert 10100 (base 2) to base 12.
18
-4 (base 12) to base 3
-11
2 (base 4) to base 12
2
What is 8 (base 13) in base 2?
1000
What is -2020 (base 3) in base 9?
-66
-46 (base 9) to base 4
-222
a (base 16) to base 15
a
20 (base 12) to base 9
26
Convert -14 (base 16) to base 8.
-24
180 (base 12) to base 10
240
-1 (base 8) to base 10
-1
Convert 20 (base 7) to base 16.
e
-100001 (base 2) to base 9
-36
Convert 2 (base 15) to base 6.
2
Convert 520 (base 6) to base 15.
cc
Convert -10 (base 11) to base 2.
-1011
What is -13 (base 6) in base 7?
-12
Convert -12 (base 8) to base 7.
-13
What is b (base 13) in base 15?
b
-110 (base 3) to base 9
-13
28 (base 15) to base 16
26
What is -c (base 16) in base 6?
-20
What is 2 (base 16) in base 10?
2
1 (base 2) to base 16
1
What is 100101001 (base 2) in base 8?
451
Convert 16 (base 15) to base 2.
10101
-5 (base 6) to base 5
-10
What is 5 (base 13) in base 12?
5
Convert 2 (base 12) to base 4.
2
-1303 (base 5) to base 13
-128
5 (base 7) to base 3
12
Convert 68 (base 11) to base 15.
4e
-324 (base 10) to base 13
-1bc
Convert 133 (base 5) to base 6.
111
6 (base 12) to base 5
11
-5 (base 6) to base 10
-5
What is 0 (base 2) in base 15?
0
123 (base 6) to base 15
36
What is -3 (base 16) in base 15?
-3
Convert -10 (base 5) to base 9.
-5
1 (base 14) to base 5
1
What is 268 (base 9) in base 7?
440
Convert -3 (base 13) to base 8.
-3
Wh